{"id":35,"date":"2023-02-02T09:14:57","date_gmt":"2023-02-02T08:14:57","guid":{"rendered":"http:\/\/www.cafeteria-lauda.de\/wordpress\/?page_id=35"},"modified":"2024-10-16T13:49:08","modified_gmt":"2024-10-16T11:49:08","slug":"impressum","status":"publish","type":"page","link":"https:\/\/www.cafeteria-lauda.de\/wordpress\/impressum\/","title":{"rendered":"Impressum"},"content":{"rendered":"\n<p>Verantwortlich im Sinne der Datenschutz-Grundverordnung und anderer nationaler Datenschutzgesetze der Mitgliedsstaaten sowie sonstiger datenschutzrechtlicher Bestimmungen und inhaltlich Verantwortlicher gem. \u00a7 6 MDStV ist:<br><br><strong>Cafeteria im Schulzentrum<\/strong> Eltern kochen f\u00fcr Sch\u00fcler e.V.<br>Becksteiner Str. 80<br>97922 Lauda-K\u00f6nigshofen<\/p>\n\n\n\n<p><\/p>\n\n\n\n<p>Vorstand: Dr. Lukas Braun, Dr. J\u00fcrgen Gernert, Jochen Gro\u00df, Tanja Rygiel, Karin G\u00f6bel, Martina Neuper, Michaela Schwarz<\/p>\n\n\n\n<p>E-Mail: <a href=\"mailto:cafeteriainfo@web.de\">cafeteriainfo@web.de<\/a><\/p>\n\n\n\n<p>Vereinsnummer 529, eingetragen beim Registergericht Tauberbischofsheim<\/p>\n\n\n\n<p><\/p>\n\n\n\n<p><\/p>\n","protected":false},"excerpt":{"rendered":"<p>Verantwortlich im Sinne der Datenschutz-Grundverordnung und anderer nationaler Datenschutzgesetze der Mitgliedsstaaten sowie sonstiger datenschutzrechtlicher Bestimmungen und inhaltlich Verantwortlicher gem. \u00a7 6 MDStV ist: Cafeteria im Schulzentrum&#46;&#46;&#46;<\/p>\n","protected":false},"author":1,"featured_media":0,"parent":0,"menu_order":0,"comment_status":"closed","ping_status":"closed","template":"","meta":{"footnotes":""},"class_list":["post-35","page","type-page","status-publish","hentry"],"_links":{"self":[{"href":"https:\/\/www.cafeteria-lauda.de\/wordpress\/wp-json\/wp\/v2\/pages\/35","targetHints":{"allow":["GET"]}}],"collection":[{"href":"https:\/\/www.cafeteria-lauda.de\/wordpress\/wp-json\/wp\/v2\/pages"}],"about":[{"href":"https:\/\/www.cafeteria-lauda.de\/wordpress\/wp-json\/wp\/v2\/types\/page"}],"author":[{"embeddable":true,"href":"https:\/\/www.cafeteria-lauda.de\/wordpress\/wp-json\/wp\/v2\/users\/1"}],"replies":[{"embeddable":true,"href":"https:\/\/www.cafeteria-lauda.de\/wordpress\/wp-json\/wp\/v2\/comments?post=35"}],"version-history":[{"count":4,"href":"https:\/\/www.cafeteria-lauda.de\/wordpress\/wp-json\/wp\/v2\/pages\/35\/revisions"}],"predecessor-version":[{"id":237,"href":"https:\/\/www.cafeteria-lauda.de\/wordpress\/wp-json\/wp\/v2\/pages\/35\/revisions\/237"}],"wp:attachment":[{"href":"https:\/\/www.cafeteria-lauda.de\/wordpress\/wp-json\/wp\/v2\/media?parent=35"}],"curies":[{"name":"wp","href":"https:\/\/api.w.org\/{rel}","templated":true}]}}

<p>Verantwortlich im Sinne der Datenschutz-Grundverordnung und anderer nationaler Datenschutzgesetze der Mitgliedsstaaten sowie sonstiger datenschutzrechtlicher Bestimmungen und inhaltlich Verantwortlicher gem. § 6 MDStV ist:<br><br><strong>Cafeteria im Schulzentrum</strong> Eltern kochen für Schüler e.V.<br>Becksteiner Str. 80<br>97922 Lauda-Königshofen</p>



<p></p>



<p>Vorstand: Dr. Lukas Braun, Dr. Jürgen Gernert, Jochen Groß, Tanja Rygiel, Karin Göbel, Martina Neuper, Michaela Schwarz</p>



<p>E-Mail: <a href="mailto:cafeteriainfo@web.de">cafeteriainfo@web.de</a></p>



<p>Vereinsnummer 529, eingetragen beim Registergericht Tauberbischofsheim</p>



<p></p>



<p></p>
