{"id":8,"date":"2023-02-02T09:11:03","date_gmt":"2023-02-02T08:11:03","guid":{"rendered":"http:\/\/www.cafeteria-lauda.de\/wordpress\/?page_id=8"},"modified":"2024-10-16T13:59:07","modified_gmt":"2024-10-16T11:59:07","slug":"startseite","status":"publish","type":"page","link":"https:\/\/www.cafeteria-lauda.de\/wordpress\/","title":{"rendered":"Startseite"},"content":{"rendered":"\n<p class=\"has-medium-font-size\">Liebe Cafeteria-G\u00e4ste,<\/p>\n\n\n\n<p class=\"has-medium-font-size\">Ab dem 1. Januar 2024 wird die Cafeteria unter der Tr\u00e4gerschaft der Stadt Lauda-K\u00f6nigshofen weitergef\u00fchrt.<\/p>\n\n\n\n<p><a href=\"https:\/\/login.mampf1a.de\/lauda\/login.php\"><strong>Hier<\/strong><\/a> erhalten Sie weitere Infos bzw. den Speiseplan und k\u00f6nnen sich f\u00fcr die Teilnahme am Mittagessen anmelden<\/p>\n\n\n\n<p id=\"anker3110256\"><strong>Ihre Ansprechpartner, bei Fragen rund um \u2026<\/strong><\/p>\n\n\n\n<p id=\"anker3110246\"><strong>\u2026 Essen und K\u00fcchenbetrieb<\/strong><br>Frau Tuschanski\/Frau Poslovsky<br>09343\/501-2180<br>cafeteria@lauda-koenigshofen.de<\/p>\n\n\n\n<p id=\"anker3110247\"><strong>\u2026 Anmeldung, Guthaben, etc.<\/strong><br>Frau Hofmann&nbsp;&nbsp;&nbsp;&nbsp;&nbsp;&nbsp;&nbsp;&nbsp;&nbsp;&nbsp;&nbsp; Frau Neckermann<br>09343\/501-5121&nbsp;&nbsp;&nbsp;&nbsp;&nbsp; &nbsp; &nbsp; 09343\/501-5101<br>schultraeger@lauda-koenigshofen.de<\/p>\n\n\n\n<p id=\"anker3110255\"><\/p>\n\n\n\n<p>Wir bedanken uns bei unseren G\u00e4sten und w\u00fcnschen weiterhin guten Appetit und alles Gute f\u00fcr die Zukunft. <\/p>\n\n\n\n<p>Auch bei den ehrenamtlichen Helferinnen und Helfern bedanken wir uns ganz herzlich f\u00fcr die jahrelange Unterst\u00fctzung und freuen uns auch weiterhin auf eine angenehme Zusammenarbeit im K\u00fcchenteam &#8211; freiwillige Helfer sind jederzeit willkommen!<\/p>\n\n\n\n<p class=\"has-medium-font-size\"><em>Mit freundlichen Gr\u00fc\u00dfen<\/em><\/p>\n\n\n\n<p class=\"has-medium-font-size\"><em>Ihr Cafeteriateam<\/em><\/p>\n\n\n\n<p class=\"has-medium-font-size\"><\/p>\n","protected":false},"excerpt":{"rendered":"<p>Liebe Cafeteria-G\u00e4ste, Ab dem 1. Januar 2024 wird die Cafeteria unter der Tr\u00e4gerschaft der Stadt Lauda-K\u00f6nigshofen weitergef\u00fchrt. Hier erhalten Sie weitere Infos bzw. den Speiseplan und&#46;&#46;&#46;<\/p>\n","protected":false},"author":1,"featured_media":0,"parent":0,"menu_order":0,"comment_status":"closed","ping_status":"closed","template":"","meta":{"footnotes":""},"class_list":["post-8","page","type-page","status-publish","hentry"],"_links":{"self":[{"href":"https:\/\/www.cafeteria-lauda.de\/wordpress\/wp-json\/wp\/v2\/pages\/8","targetHints":{"allow":["GET"]}}],"collection":[{"href":"https:\/\/www.cafeteria-lauda.de\/wordpress\/wp-json\/wp\/v2\/pages"}],"about":[{"href":"https:\/\/www.cafeteria-lauda.de\/wordpress\/wp-json\/wp\/v2\/types\/page"}],"author":[{"embeddable":true,"href":"https:\/\/www.cafeteria-lauda.de\/wordpress\/wp-json\/wp\/v2\/users\/1"}],"replies":[{"embeddable":true,"href":"https:\/\/www.cafeteria-lauda.de\/wordpress\/wp-json\/wp\/v2\/comments?post=8"}],"version-history":[{"count":11,"href":"https:\/\/www.cafeteria-lauda.de\/wordpress\/wp-json\/wp\/v2\/pages\/8\/revisions"}],"predecessor-version":[{"id":242,"href":"https:\/\/www.cafeteria-lauda.de\/wordpress\/wp-json\/wp\/v2\/pages\/8\/revisions\/242"}],"wp:attachment":[{"href":"https:\/\/www.cafeteria-lauda.de\/wordpress\/wp-json\/wp\/v2\/media?parent=8"}],"curies":[{"name":"wp","href":"https:\/\/api.w.org\/{rel}","templated":true}]}}

<p class="has-medium-font-size">Liebe Cafeteria-Gäste,</p>



<p class="has-medium-font-size">Ab dem 1. Januar 2024 wird die Cafeteria unter der Trägerschaft der Stadt Lauda-Königshofen weitergeführt.</p>



<p><a href="https://login.mampf1a.de/lauda/login.php"><strong>Hier</strong></a> erhalten Sie weitere Infos bzw. den Speiseplan und können sich für die Teilnahme am Mittagessen anmelden</p>



<p id="anker3110256"><strong>Ihre Ansprechpartner, bei Fragen rund um …</strong></p>



<p id="anker3110246"><strong>… Essen und Küchenbetrieb</strong><br>Frau Tuschanski/Frau Poslovsky<br>09343/501-2180<br>cafeteria@lauda-koenigshofen.de</p>



<p id="anker3110247"><strong>… Anmeldung, Guthaben, etc.</strong><br>Frau Hofmann&nbsp;&nbsp;&nbsp;&nbsp;&nbsp;&nbsp;&nbsp;&nbsp;&nbsp;&nbsp;&nbsp; Frau Neckermann<br>09343/501-5121&nbsp;&nbsp;&nbsp;&nbsp;&nbsp; &nbsp; &nbsp; 09343/501-5101<br>schultraeger@lauda-koenigshofen.de</p>



<p id="anker3110255"></p>



<p>Wir bedanken uns bei unseren Gästen und wünschen weiterhin guten Appetit und alles Gute für die Zukunft. </p>



<p>Auch bei den ehrenamtlichen Helferinnen und Helfern bedanken wir uns ganz herzlich für die jahrelange Unterstützung und freuen uns auch weiterhin auf eine angenehme Zusammenarbeit im Küchenteam &#8211; freiwillige Helfer sind jederzeit willkommen!</p>



<p class="has-medium-font-size"><em>Mit freundlichen Grüßen</em></p>



<p class="has-medium-font-size"><em>Ihr Cafeteriateam</em></p>



<p class="has-medium-font-size"></p>

<p>Liebe Cafeteria-Gäste, Ab dem 1. Januar 2024 wird die Cafeteria unter der Trägerschaft der Stadt Lauda-Königshofen weitergeführt. Hier erhalten Sie weitere Infos bzw. den Speiseplan und&#46;&#46;&#46;</p>
